) = -3*n - w + 50 + 2*n. Calculate i(0).
-4
Let l = -11252 + 11239. Let t(k) = -6*k**2 - 14*k - 9. Let c(s) = 5*s**2 + 14*s + 10. Let r(a) = -5*c(a) - 4*t(a). Determine r(l).
-1
Let y(x) = 0*x**3 - 42 + 6*x**3 + 42 - 5*x**3 + 3*x**2 + x. Suppose -2*n + h - 8 = 0, 4*n - 5*h + 4*h = -12. Calculate y(n).
2
Let z(u) be the second derivative of -u**5/20 - 11*u**4/6 - 23*u**3/6 - 20*u**2 + 2034*u. Determine z(-21).
2
Let c(x) be the second derivative of x - 1/2*x**2 - 1/12*x**4 + 3/2*x**3 + 0. Let g(q) = 2*q**2 + 105*q + 718. Let i be g(-8). Give c(i).
17
Let h(q) = q**3 + 14*q**2 - 13*q + 36. Suppose 89 - 144 = 4*t + 5*a, 25 = -2*t - 5*a. What is h(t)?
6
Suppose -2*o - 5*c = -32, -4*c + 26 = -34*o + 36*o. Let y(x) = x**3 + x**2 - 3*x. Calculate y(o).
-1
Let r(p) be the first derivative of p**7/840 - 13*p**6/360 - 5*p**4/24 - 37*p**3/3 - 42. Let j(u) be the third derivative of r(u). Calculate j(13).
-5
Suppose -10*h + 10*h + 140 = 70*h. Let l(k) be the second derivative of 7/6*k**3 - 1/12*k**4 + 36*k - 3/2*k**h + 0. Give l(7).
-3
Let h(n) = -4*n**2 - 115 - 67 + 3*n**2 - 11*n + 171. What is h(-11)?
-11
Let c be 9/(-36) + 133/4. Let d = -23 + c. Let q(l) = -l**2 - d*l - 3*l**2 + l**3 + 0 - 3*l**2 + 8. Determine q(8).
-8
Let l(s) = s**2 - s + 2. Let i(h) = -7*h**2 + 9*h - 11. Let t be ((-1)/(-3))/(-11 + 64/6). Let o(c) = t*i(c) - 6*l(c). What is o(3)?
-1
Let q(f) = -1. Let w(l) = l**2 + 4*l - 8. Suppose 2*j + 12 = -j. Let z(s) = j*q(s) + w(s). Let x be 2 + ((-219)/(-21) + -18 - (-6)/(-14)). Calculate z(x).
8
Suppose -2*h - 35 + 49 = 0. Suppose -5*z + 45 = -4*q, 27 = 6*z - 3*z - q. Let d(a) = 2*a - z*a - a**3 + 6*a**2 + 0*a**3 + h + 12*a. Calculate d(7).
-7
Let i(s) be the second derivative of s**7/840 - s**6/30 + s**5/120 + 42*s**3 + 106*s. Let b(z) be the second derivative of i(z). Calculate b(12).
12
Let c(r) = 1. Let p = -6 - -7. Let n(v) = 2*v - 87 + 42 + 50. Let l(t) = p*n(t) - 6*c(t). Determine l(-5).
-11
Let g(b) = -b**3 - 2*b**2 - 3*b - 2. Let k = -352 + 377. Let x = 24 - k. Calculate g(x).
0
Let k(q) = -13*q**2 + 23*q + 31 + 19*q**2 - 5*q**2 + 22*q - 56*q. What is k(9)?
13
Let t(r) = -3 - 2*r - 9 + 2. Let g = -43751 + 43745. Give t(g).
2
Let a(c) = 13*c**2 + c**3 + 2*c**2 - 10990 + 2*c + 10989 - 33*c. Give a(-17).
-52
Let z(q) = -q**2 + 2*q - 27. Let g = 14928 + -14916. Determine z(g).
-147
Let y = -6 + 10. Let m be 42/15 - (48/10 - 6). Let w(v) = -y*v - m - 1 - v**2 - 5 + 4. What is w(-4)?
-6
Let q(a) = -a + 32. Let k = 336 + -342. Let j(r) = r**3 + 5*r**2 - 12*r - 12. Let z be j(k). What is q(z)?
8
Let s be (2/(-4))/((-14)/84). Let p(k) = 9 - 10 - 3*k + 2*k - s*k. Give p(1).
-5
Let v(g) = 12*g + 10. Let i = -1373 - -1370. Calculate v(i).
-26
Let c(v) = 76*v + 383. Let r be c(-5). Let s(w) = 0*w + 0*w + 55 - 6*w**2 + r*w**2 - 51. What is s(2)?
-8
Let b(j) = 3*j**3 + 14*j**2 + 30*j + 10. Let z(y) = -2*y**3 - 9*y**2 - 20*y - 7. Let a(p) = -5*b(p) - 7*z(p). Give a(-6).
23
Let m = 3551 - 3544. Let b(q) = -q**2 - 5*q - 7 - 2*q**2 + 4*q**2. Determine b(m).
7
Let f(y) = 37*y**2 - 12*y - 68. Let o be f(-5). Let z = -923 + o. Let c(x) = -2*x**2 + 4 - 2*x**2 + 5*x**2 + 7*x. What is c(z)?
-2
Suppose 20*r - 181 + 10 = 77*r. Let p(u) = u**3 + 5*u**2 - 2. Determine p(r).
16
Let x(v) = -2707*v**3 - 4 - 4*v**2 + 2706*v**3 + v**2 + v + 0 - 4*v**2. Let h(a) = 6*a**3 - a**2. Let m be h(-1). Give x(m).
-11
Let o(a) = -a**3 + a**2 + a + 2. Suppose 3*i - 5 = 4*q, -q - 11 = -9. Let z(c) = -2*c. Let g be z(i). What is o(g)?
0
Let y(s) = 22 - 17 - 3*s**2 - 2*s**3 + 5*s - 3*s + s. Determine y(-4).
73
Let h(q) = -4*q - 175 + 97 + 54. Determine h(-13).
28
Let z(p) = -p + 8. Let d(x) = 18*x + 9. Let c(a) = 3*a + 21. Let g be c(-6). Let j be d(g). Let f = j + -57. Calculate z(f).
2
Let o(x) = -5*x**3 - 2*x + 1. Let c be (3/6)/((-7)/14). Let s(k) be the first derivative of k**4/4 + k**3 + k**2/2 - 7. Let p be s(c). What is o(p)?
-6
Let a(d) = -d**2 - 398*d + 399*d + 2*d**2 + 17. Determine a(0).
17
Let h = 7408 + -7400. Let z(p) = -2*p - 10. What is z(h)?
-26
Let r(a) = -13*a**3 - 39*a**2 + 2*a + 79. Let y(i) = 8*i**3 + 26*i**2 - i - 50. Let n(p) = -5*r(p) - 8*y(p). Calculate n(13).
-21
Let r = -208 + -36. Let u = r + 241. Let h(l) = -l**3 + 2*l - 4. Let g(t) = -t**2 - t. Let n(y) = 3*g(y) + h(y). Determine n(u).
-1
Let s(c) = 4*c + 2. Let z(k) = -21*k - 20. Let p be z(16). Let m = p + 347. Calculate s(m).
-34
Let k = -3346 + 3344. Let u(q) = 3*q + 7. Determine u(k).
1
Let l(m) = -2 - m**2 - 3 + m + 12. Let a(u) = -930*u - 24176. Let r be a(-26). Calculate l(r).
-5
Let j be (-55456)/(-80) + (-1)/5. Suppose 97*a - j = 96*a. Let y(q) = -a*q + 692*q + 0 - 8 - 3. Determine y(0).
-11
Let o(p) = p**3 - 3*p**2 - p - 3. Let n(f) = 3*f**2 + 10*f + 17. Let b be n(-9). Let m = 173 - b. Give o(m).
-6
Suppose 2*y - 382 = -354. Let g(a) = 149*a + 4 - 148*a - 1 + 9. What is g(y)?
26
Let a(o) = -4*o + 47. Let t be a(10). Suppose t = -2*w + 13. Let j be ((-3)/2)/w*(2 - 0). Let c(f) = 12*f - 1. Give c(j).
-13
Suppose 482 - 436 = z - 2*j, 3*z - 149 = -5*j. Let d(f) = -2*f**2 + 92*f + 189. Give d(z).
-3
Let u(i) = -i**2 + 12*i - 33. Let j be u(7). Suppose 2*g = 5*d - 2, -1 - 3 = j*d - 2*g. Let a(b) = -9 + 6*b - 11*b + b**d + 11. Give a(5).
2
Let u(b) be the second derivative of b**3 + 5/12*b**4 - 2 - 11/2*b**2 - 2*b - 1/20*b**5. Give u(6).
-11
Let b(f) = -2*f - 50. Let h(d) = 3*d + 46. Let l(m) = -4*b(m) - 5*h(m). Calculate l(-4).
-2
Suppose 0 = 21*z + 25 - 4. Let r(a) = -20*a**3 - a. Give r(z).
21
Let v(o) = 21*o**2 + 2. Let d(j) = -60*j**2 - 4*j - 16. Let h(w) = d(w) + 3*v(w). Calculate h(5).
45
Let b(w) = w**2 - 4*w + 3. Let c = 237 - 215. Suppose 6*y - 40 = -c. Determine b(y).
0
Suppose z = 3*z + 4*q - 20, -10 = 3*z - 4*q. Suppose -18 = -z*u - 20. Let y(v) = -v**2 - v - 1. Determine y(u).
-1
Let u(t) be the second derivative of -1/20*t**5 - 5/6*t**4 + 1 - 3*t**2 - 2*t + 0*t**3. Determine u(-10).
-6
Let b(i) = -i**3 + 33*i**2 - 34*i + 76. Suppose -5*a = -50650 + 50490. Give b(a).
12
Let c(h) = 19*h**2 + 33*h + 35. Let o(b) = 10*b**2 + 18*b + 19. Let p(z) = -6*c(z) + 11*o(z). Let t = -9 + 1. Let y = t + 9. Calculate p(y).
-5
Let c(m) = -16*m - 58. Let h(q) = -13*q - 44. Let p(o) = -5*c(o) + 6*h(o). Determine p(-14).
-2
Suppose 0 = 3*y + 5*r + 16, -y = -5*y + r - 6. Let p(n) be the second derivative of n**5/10 + n**4/12 + n**3/3 + 3*n**2/2 + 30*n. Calculate p(y).
-13
Suppose -3*b + 0*b = -10*b. Suppose 2*o = -b*o + 26. Suppose -5*l = -3*l + 5*s - o, 2*s = 3*l + 9. Let x(k) = 4*k**2 + 1. Give x(l).
5
Let v(x) = 118*x**2 - 5*x + 35. Let o(g) = -31*g**2 + g - 9. Let d(n) = 19*o(n) + 5*v(n). Let q = -1 - -7. Calculate d(q).
4
Let d(p) be the first derivative of -p**4/2 + 3*p**3 - 7*p**2/2 + 8*p + 5109. Give d(4).
-4
Let s = 2 + 0. Suppose -3*y = s*y - 5. Let u(a) = 26*a + 48. Let d(x) = 5*x + 9. Let j(b) = 16*d(b) - 3*u(b). Give j(y).
2
Let w(z) = -16*z - 1484. Let r be w(-93). Let s(v) = 2*v**3 - 5*v**2 + 3*v - 6. Give s(r).
54
Let y(s) = 5*s**2 + 2*s**2 - 7*s - 7 + 0 + 4*s. Let t(o) = -5*o**2 + 2*o + 7. Let h(j) = 4*t(j) + 3*y(j). Give h(6).
37
Let w(u) = -4*u - 13. Let p be w(-4). Let j(x) = 2*x - 2*x - 10 - 5*x - 2*x**2 + p*x**2. Suppose 4*h + 5*k - 37 = 0, 0 = -6*h + h + 5*k + 35. Give j(h).
14
Let l(c) = c**3 + 4*c**2 + 1. Let k(q) = q**3 + 2*q**2 + 5*q**2 - 2*q**2 - 23 + q + 24. Let o(z) = -3*k(z) + 4*l(z). Give o(0).
1
Let j be (2*2)/(72/450). Suppose g - j + 24 = 0. Let b(r) = -15*r**3 - r**2 + r - 1. Determine b(g).
-16
Let l(s) be the second derivative of -s**4/12 + s**3 + 33*s**2/2 - 73*s. Determine l(10).
-7
Let q(o) be the first derivative of -o**4/4 + 2*o**3 - 3*o**2/2 - 2*o - 1928. What is q(7)?
-72
Let k(w) be the third derivative of w**4/24 - 7*w**3/6 - 10*w**2. Let c(m) = 6 + 6*m + 2 - 408*m**2 + 409*m**2. Let v be c(-4). Calculate k(v).
-7
Suppose 3*r - r + m = 15, 0 = -2*m - 6. Let d(j) = 7*j**2 - 2*j + 63. Let c(f) = 9*f**2 - f + 87. Let y(u) = 3*c(u) - 4*d(u). Calculate y(r).
-27
Let a = 617 + -594. Suppose -5*v = 4*o + a, 4*v + 0*o - 3*o + 6 = 0. Let u(j) = -2*j**3 - 2*j**2 - 3*j + 1. Determine u(v).
46
Let l(c) be the second derivative of -5*c**4/24 + 2*c**3/3 - 39*c**2/2 - 138*c. Let z(p) be the first derivative of l(p). Determine z(7).
-31
Let g(s) = 36*s - 393. Le